{"id":2896,"date":"2021-12-19T10:41:19","date_gmt":"2021-12-19T15:41:19","guid":{"rendered":"https:\/\/www.neads.ca\/asas\/?page_id=2896"},"modified":"2022-03-11T14:15:40","modified_gmt":"2022-03-11T19:15:40","slug":"arp-2022-2023-french","status":"publish","type":"page","link":"https:\/\/www.neads.ca\/asas\/arp-2022-2023-french\/","title":{"rendered":"NEADS \u2013 Programme d\u2019accessibilit\u00e9 et de r\u00e9silience 2022\/2023"},"content":{"rendered":"<h2>Programme d\u2019accessibilit\u00e9 et de r\u00e9silience de NEADS \u2014 Subventions en mati\u00e8re d\u2019accessibilit\u00e9 pour les \u00e9tudiant.e.s du postsecondaire en situation de handicap<\/h2>\n\n\n<h3 class=\"wp-block-heading\">Objectif<\/h3>\n\n\n\n<p>La COVID-19 a durement touch\u00e9 les  \u00e9tudiant.e.s canadien.ne.s du postsecondaire en situation de handicap (\u00e9tudiant.e.s du premier cycle universitaire, des cycles sup\u00e9rieurs, des coll\u00e8ges, des  C\u00c9GEPS et des \u00e9coles secondaires entrant dans un \u00e9tablissement postsecondaire),  qui se heurtaient d\u00e9j\u00e0 \u00e0 d\u2019immenses obstacles socioculturels et op\u00e9rationnels  avant la pand\u00e9mie. Ces difficult\u00e9s trop fr\u00e9quentes en mati\u00e8re  d\u2019accessibilit\u00e9s incluent l\u2019augmentation des frais de scolarit\u00e9, ainsi que le  manque de soutien transitoire pour l\u2019apprentissage en ligne, notamment les  technologies d\u2019assistance, l\u2019\u00e9quipement et les logiciels. Pour surmonter ces d\u00e9fis dans un contexte de crise qui  impose des difficult\u00e9s indues aux \u00e9tudiant.e.s en situation de handicap, l\u2019Association nationale des \u00e9tudiant(e)s  handicap\u00e9(e)s au niveau postsecondaire (NEADS) a cr\u00e9\u00e9 le Programme d\u2019accessibilit\u00e9  et de r\u00e9silience, avec le g\u00e9n\u00e9reux soutien du Programme de soutien \u00e0 l\u2019apprentissage  des \u00e9tudiants du gouvernement canadien. Nous sommes fiers d\u2019avoir remis des subventions  totalisant pr\u00e8s de 170\u2009000&nbsp;$ en 2020\/2021 \u00e0 plus de 104&nbsp;\u00e9tudiant.e.s  canadien.ne.s du postsecondaire. Vu l\u2019immense  succ\u00e8s de cette initiative, le minist\u00e8re de l\u2019Emploi et du D\u00e9veloppement social  du Canada a bonifi\u00e9 notre programme d\u2019acc\u00e8s virtuel pour tous, notamment avec  174&nbsp;subventions suppl\u00e9mentaires. 154 \u00e9tudiant.e.s en situation de handicap des coll\u00e8ges et universit\u00e9s  recevront 1\u2009000&nbsp;$ et 20&nbsp;\u00e9tudiant.e.s en situation de handicap recevront jusqu\u2019\u00e0 5\u2009000&nbsp;$ dans le cadre  du Programme d\u2019accessibilit\u00e9 et de r\u00e9silience en 2022\/2023. <\/p>\n\n\n<h3>Subventions pour l\u2019accessibilit\u00e9<\/h3>\n\n\n<p>Les co\u00fbts  admissibles incluent, sans toutefois s\u2019y limiter, les appareils, les c\u00e2bles,  les technologies d\u2019assistance, les logiciels p\u00e9dagogiques et les formations,  les frais de subsistance, les \u00e9quipements de bureau ergonomiques, ainsi que  toute autre d\u00e9pense pour l\u2019acc\u00e8s \u00e0 l\u2019\u00e9ducation virtuelle ou en personne (dont les frais de scolarit\u00e9, ainsi que  les services de sant\u00e9 mentale et de bien-\u00eatre). <\/p>\n\n\n\n<p>En  ce qui concerne les co\u00fbts \u00e9ligibles, les b\u00e9n\u00e9ficiaires doivent transmettre \u00e0  NEADS des estimations ou les re\u00e7us de leurs achats. Ils seront ensuite rembours\u00e9s pour les d\u00e9penses encourues. <\/p>\n\n\n\n<p><strong>AVIS DE  NON-RESPONSABILIT\u00c9&nbsp;<\/strong>: les personnes  qui soumettent une demande doivent attendre que NEADS confirme qu\u2019elles ont  obtenu la Bourse d\u2019aide d\u2019urgence, ainsi que le montant de cette subvention, avant  d\u2019acheter leur(s) article(s) \u00e0 rembourser. Si elles font des achats sans avoir  re\u00e7u la confirmation, NEADS n\u2019est pas tenu de les rembourser. <\/p>\n\n\n\n<p><strong>Admissibilit\u00e9<\/strong> <\/p>\n\n\n\n<ul><li>\u00catre citoyen.ne.s  canadien.ne.s<\/li><li>Avoir un handicap permanent<\/li><li>\u00catre inscrit.e.s ou accept\u00e9.e.s dans un \u00e9tablissement  d\u2019enseignement postsecondaire<\/li><li>\u00catre en mesure de prouver des besoins non satisfaits  et des r\u00e9percussions n\u00e9gatives sur son cheminement scolaire en raison de la pand\u00e9mie de COVID-19<\/li><li>Pouvoir d\u00e9montrer ne pas avoir re\u00e7u d\u2019autres subventions  f\u00e9d\u00e9rales ou provinciales pour r\u00e9pondre \u00e0 ses besoins <\/li><\/ul>\n\n\n\n<h3 class=\"wp-block-heading\"><strong>Processus de s\u00e9lection<\/strong><\/h3>\n\n\n\n<p>Apr\u00e8s avoir re\u00e7u votre candidature, l\u2019\u00e9quipe v\u00e9rifiera si elle est compl\u00e8te et respecte les directives pr\u00e9c\u00e9dentes. Le cas \u00e9ch\u00e9ant, les comit\u00e9s de s\u00e9lection l\u2019examineront en fonction des crit\u00e8res de s\u00e9lection d\u00e9crits ci-haut. En raison du nombre de demandes, les responsables contacteront uniquement les personnes choisies pour la subvention. Le processus de s\u00e9lection et d\u2019attribution \u00e9tant continu, les subventions seront distribu\u00e9es tous les trimestres d\u2019ici le 31&nbsp;mars 2023.<\/p>\n\n\n\n<p>Pour toute question sur le processus de candidature, veuillez contacter l\u2019\u00e9quipe des programmes d\u2019aide financi\u00e8re de NEADS \u00e0 <a href=\"mailto:etes@neads.ca\">etes@neads.ca<\/a>. Le programme sera lanc\u00e9 le 15\u00a0d\u00e9cembre 2021 et les candidatures seront accept\u00e9es jusqu\u2019au 15\u00a0d\u00e9cembre 2022. <a href=\"https:\/\/www.neads.ca\/asas\/arp-2022-2023-form-french\/\" data-type=\"URL\" data-id=\"https:\/\/www.neads.ca\/asas\/arp-2022-2023-form-french\/\">Si vous \u00eates admissible, posez votre candidature en ligne ici\u00a0<\/a>:<\/p>\n\n\n\n<p>Association nationale des  \u00e9tudiant(e)s handicap\u00e9(e)s au niveau postsecondaire (NEADS)<br \/>Salle&nbsp;514,  Unicentre <br \/>1125 promenade du Colonel By <br \/>Universit\u00e9 Carleton <br \/>Ottawa (Ontario) &nbsp;K1S 5B6 Canada <br \/>T\u00e9l. (613)&nbsp;380-8065,  poste&nbsp;201<\/p>\n\n\n\n<p><a href=\"https:\/\/neads.us3.list-manage.com\/subscribe?u=2f5ea1e24363b139a88883ccc&amp;id=3d194222db\">Inscription \u00e0 la liste de diffusion<\/a> <br \/>M\u00e9dias sociaux de NEADS<br \/><a href=\"https:\/\/www.instagram.com\/myneads\/\">Instagram| <\/a><a href=\"https:\/\/www.facebook.com\/myNEADS\/\">Facebook| <\/a><a href=\"https:\/\/twitter.com\/myNEADS\">Twitter| <\/a>YouTube| <a href=\"https:\/\/www.linkedin.com\/company\/national-educational-association-of-disabled-students-neads-\/about\/\">LinkedIn<\/a> <br \/><a href=\"http:\/\/www.neads.ca\/\">https:\/\/www.neads.ca\/<\/a> <br \/><a href=\"https:\/\/www.disabilityawards.ca\/\">https:\/\/www.disabilityawards.ca\/<\/a> <br \/><a href=\"http:\/\/breakingitdown.neads.ca\/\">http:\/\/breakingitdown.neads.ca\/<\/a><br \/><a href=\"https:\/\/www.facebook.com\/myNEADS\/\">https:\/\/www.facebook.com\/myNEADS\/<\/a> <br \/><a href=\"https:\/\/www.canadahelps.org\/dn\/344\">https:\/\/www.canadahelps.org\/dn\/344<\/a><\/p>\n","protected":false},"excerpt":{"rendered":"<p>Programme d\u2019accessibilit\u00e9 et de r\u00e9silience de NEADS \u2014 Subventions en mati\u00e8re d\u2019accessibilit\u00e9 pour les \u00e9tudiant.e.s du postsecondaire en situation de handicap Objectif La COVID-19 a durement touch\u00e9 les \u00e9tudiant.e.s canadien.ne.s du postsecondaire en situation de handicap (\u00e9tudiant.e.s du premier cycle<\/p>\n<p class=\"link-more\"><a class=\"more-link\" href=\"https:\/\/www.neads.ca\/asas\/arp-2022-2023-french\/\">Read More <span class=\"screen-reader-text\">NEADS \u2013 Programme d\u2019accessibilit\u00e9 et de r\u00e9silience 2022\/2023<\/span><\/a><\/p>\n","protected":false},"author":1,"featured_media":0,"parent":0,"menu_order":0,"comment_status":"closed","ping_status":"closed","template":"","meta":{"footnotes":""},"wf_page_folders":[33],"_links":{"self":[{"href":"https:\/\/www.neads.ca\/asas\/wp-json\/wp\/v2\/pages\/2896"}],"collection":[{"href":"https:\/\/www.neads.ca\/asas\/wp-json\/wp\/v2\/pages"}],"about":[{"href":"https:\/\/www.neads.ca\/asas\/wp-json\/wp\/v2\/types\/page"}],"author":[{"embeddable":true,"href":"https:\/\/www.neads.ca\/asas\/wp-json\/wp\/v2\/users\/1"}],"replies":[{"embeddable":true,"href":"https:\/\/www.neads.ca\/asas\/wp-json\/wp\/v2\/comments?post=2896"}],"version-history":[{"count":0,"href":"https:\/\/www.neads.ca\/asas\/wp-json\/wp\/v2\/pages\/2896\/revisions"}],"wp:attachment":[{"href":"https:\/\/www.neads.ca\/asas\/wp-json\/wp\/v2\/media?parent=2896"}],"wp:term":[{"taxonomy":"wf_page_folders","embeddable":true,"href":"https:\/\/www.neads.ca\/asas\/wp-json\/wp\/v2\/wf_page_folders?post=2896"}],"curies":[{"name":"wp","href":"https:\/\/api.w.org\/{rel}","templated":true}]}}